r of 604178?
False
Is 310 a factor of 416596?
False
Does 1629 divide 2764413?
True
Is 5 a factor of 15125?
True
Is 261209 a multiple of 71?
True
Does 833 divide 13653703?
True
Is 3 a factor of 652952?
False
Is 17 a factor of 681013?
False
Does 257 divide 759281?
False
Is 4697475 a multiple of 5?
True
Is 111 a factor of 428225?
False
Does 149 divide 80523?
False
Is 19 a factor of 42109?
False
Is 1530498 a multiple of 212?
False
Is 41 a factor of 3444?
True
Is 481612 a multiple of 7?
False
Is 8 a factor of 5003080?
True
Is 1010667 a multiple of 5?
False
Is 7785804 a multiple of 58?
True
Is 148 a factor of 811780?
True
Is 447361 a multiple of 31?
True
Does 125 divide 311115?
False
Is 2076910 a multiple of 395?
True
Is 553 a factor of 7658724?
False
Is 372536 a multiple of 3?
False
Does 17 divide 2219299?
True
Is 460 a factor of 155835?
False
Is 13465955 a multiple of 1445?
True
Is 122 a factor of 8496324?
True
Does 13 divide 130598?
True
Does 11 divide 829763?
True
Is 28547 a multiple of 112?
False
Does 10 divide 667720?
True
Is 41 a factor of 20919?
False
Is 150776 a multiple of 47?
True
Is 143611 a multiple of 22?
False
Is 1656 a factor of 7553016?
True
Is 1468604 a multiple of 124?
False
Is 13145904 a multiple of 16?
True
Does 4 divide 36492?
True
Is 352192 a multiple of 289?
False
Is 34 a factor of 47710?
False
Does 30 divide 266564?
False
Is 8 a factor of 171463?
False
Does 11 divide 76721?
False
Is 271 a factor of 10567664?
False
Is 5 a factor of 1798545?
True
Is 1233 a factor of 2607795?
True
Is 119 a factor of 8386?
False
Is 4569 a multiple of 44?
False
Is 46 a factor of 8636868?
True
Is 49 a factor of 1541981?
True
Does 101 divide 85244?
True
Is 119 a factor of 685321?
True
Does 7 divide 149422?
True
Does 102 divide 9500178?
True
Is 53940 a multiple of 15?
True
Does 19 divide 181023?
False
Does 116 divide 77720?
True
Is 214396 a multiple of 266?
True
Is 26 a factor of 162367?
False
Does 33 divide 166848?
True
Is 3813410 a multiple of 10?
True
Is 1987140 a multiple of 30?
True
Does 5 divide 33370?
True
Does 399 divide 690669?
True
Does 40 divide 3735316?
False
Is 293970 a multiple of 52?
False
Does 413 divide 163109?
False
Does 17 divide 1162171?
True
Is 179550 a multiple of 10?
True
Does 33 divide 1833414?
True
Does 56 divide 364336?
True
Is 25 a factor of 2891557?
False
Is 52812 a multiple of 36?
True
Is 6 a factor of 92394?
True
Is 11 a factor of 9596264?
False
Is 39 a factor of 2932831?
False
Does 278 divide 252795?
False
Is 4216804 a multiple of 80?
False
Is 9 a factor of 142279?
False
Does 15 divide 480847?
False
Is 233 a factor of 220434?
False
Is 2148992 a multiple of 16?
True
Is 4 a factor of 821628?
True
Does 31 divide 149951?
False
Is 36850 a multiple of 50?
True
Is 216 a factor of 2641680?
True
Is 1813805 a multiple of 4?
False
Is 1532816 a multiple of 8?
True
Does 451 divide 4513263?
False
Is 1072 a factor of 12167200?
True
Does 928 divide 6726099?
False
Is 9 a factor of 136944?
True
Is 230427 a multiple of 28?
False
Does 167 divide 26860?
False
Is 31 a factor of 26660?
True
Is 1170796 a multiple of 451?
True
Does 54 divide 320328?
True
Is 5440 a multiple of 5?
True
Is 7785261 a multiple of 113?
False
Is 79 a factor of 5951195?
False
Is 318 a factor of 254082?
True
Does 9 divide 1381995?
True
Is 85 a factor of 16745?
True
Does 57 divide 29989?
False
Is 11 a factor of 156744?
False
Is 35 a factor of 190890?
True
Is 300 a factor of 201000?
True
Is 58 a factor of 3428902?
True
Is 9798002 a multiple of 171?
False
Is 5 a factor of 683930?
True
Does 19 divide 116071?
True
Is 1881594 a multiple of 102?
True
Is 904087 a multiple of 630?
False
Is 121671 a multiple of 47?
False
Is 1103662 a multiple of 75?
False
Does 74 divide 125430?
True
Is 14 a factor of 11009345?
False
Does 26 divide 46462?
True
Is 20 a factor of 120552?
False
Does 66 divide 404576?
False
Is 15 a factor of 15953460?
True
Is 614835 a multiple of 15?
True
Does 37 divide 1303843?
True
Is 14863615 a multiple of 13?
True
Is 5450 a multiple of 25?
True
Is 434 a multiple of 9?
False
Is 21 a factor of 15610287?
True
Does 29 divide 378914?
True
Is 932700 even?
True
Is 129 a factor of 1285223?
False
Is 20 a factor of 4019130?
False
Is 13300 a multiple of 38?
True
Is 508 a factor of 1603299?
False
Is 2702359 a multiple of 110?
False
Is 32 a factor of 530785?
False
Is 1443743 a multiple of 4?
False
Does 176 divide 276901?
False
Does 542 divide 12820679?
False
Is 7 a factor of 220459?
False
Does 15 divide 467970?
True
Is 414 a factor of 1738240?
False
Does 8 divide 470023?
False
Is 2210780 a multiple of 65?
True
Is 2404362 a multiple of 67?
True
Is 309 a factor of 970658?
False
Is 158 a factor of 389154?
True
Is 3099561 a multiple of 139?
True
Does 91 divide 826401?
False
Does 96 divide 606528?
True
Does 13 divide 14708?
False
Is 84 a factor of 7430556?
True
Does 12 divide 19915812?
True
Is 369382 a multiple of 7?
False
Is 48 a factor of 885120?
True
Is 80 a factor of 276865?
False
Is 1226560 a multiple of 5?
True
Does 125 divide 277750?
True
Is 34 a factor of 1763628?
False
Is 2815539 a multiple of 81?
False
Is 135888 a multiple of 28?
False
Is 12051448 a multiple of 31?
False
Does 22 divide 33475?
False
Is 439872 a multiple of 696?
True
Does 10 divide 192914?
False
Is 9 a factor of 28683?
True
Is 292 a factor of 673145?
False
Is 308 a factor of 701538?
False
Is 1089761 a multiple of 37?
True
Is 71 a factor of 7569314?
False
Is 355800 a multiple of 2?
True
Is 89 a factor of 14097007?
False
Is 25 a factor of 73625?
True
Does 79 divide 3721532?
True
Is 234 a factor of 304200?
True
Is 152514 a multiple of 160?
False
Is 2822014 a multiple of 622?
True
Is 349648 a multiple of 208?
True
Does 296 divide 86505?
False
Is 8 a factor of 130352?
True
Is 213 a factor of 78617?
False
Is 205484 a multiple of 47?
True
Is 7863646 a multiple of 14?
True
Is 12 a factor of 762076?
False
Is 135 a factor of 28350?
True
Is 767 a factor of 5863984?
False
Is 1148333 a multiple of 8?
False
Does 34 divide 9321878?
False
Does 278 divide 1791145?
False
Does 16 divide 491840?
True
Does 8 divide 309968?
True
Does 46 divide 1317?
False
Is 26210620 a multiple of 2160?
False
Is 26252520 a multiple of 24?
True
Does 6 divide 624?
True
Does 30 divide 124765?
False
Does 1448 divide 377598?
False
Does 387 divide 1125850?
False
Is 12116824 a multiple of 114?
False
Is 3 a factor of 660561?
True
Is 18 a factor of 2320260?
False
Is 1187703 a multiple of 23?
False
Is 42 a factor of 858278?
False
Is 20 a factor of 11358177?
False
Is 1515 a factor of 15139526?
False
Does 77 divide 20251?
True
Is 271464 a multiple of 4?
True
Is 15 a factor of 733236?
False
Does 75 divide 38100?
True
Is 53959 a multiple of 329?
False
Is 19623 a multiple of 5?
False
Does 228 divide 575244?
True
Does 13 divide 274417?
True
Does 95 divide 733944?
False
Does 111 divide 3996?
True
Is 16 a factor of 5450354?
False
Is 46 a factor of 13375328?
True
Is 44 a factor of 2161764?
True
Is 139800 a multiple of 200?
True
Does 28 divide 703791?
False
Is 16716412 a multiple of 58?
True
Is 4 a factor of 134916?
True
Does 121 divide 154567?
False
Is 682400 a multiple of 32?
True
Is 5090580 a multiple of 527?
False
Does 3 divide 74867?
False
Is 32083 a multiple of 38?
False
Is 3545780 a multiple of 1330?
True
Does 11 divide 42737?
False
Is 51 a factor of 933233?
False
Does 39 divide 107055?
True
Is 3505 a multiple of 6?
False
Does 1694 divide 6283046?
True
Does 237 divide 1241247?
False
Is 75968 a multiple of 14?
False
Is 6312084 a multiple of 73?
False
Is 5729850 a multiple of 1498?
True
Does 67 divide 316137?
False
Is 68700 a multiple of 75?
True
Is 1315772 a multiple of 17?
False
Does 29 divide 1147298?
True
Does 21 divide 479640?
True
Is 83 a factor of 69554?
True
Is 26 a factor of 655215?
False
Does 10 divide 22386?
False
Is 92502 a multiple of 18?
True
Is 27 a factor of 26387?
False
Does 328 divide 4644927?
False
Is 378428 a multiple of 89?
True
Is 575 a factor of 7506442?
False
Does 42 divide 450534?
True
Is 234 a factor of 100854?
True
Is 36057 a multiple of 126?
False
Does 11 divide 96129?
True
Does 198 divide 762489?
False
Does 16 divide 2923712?
True
Does 68 divide 216648?
True
Does 33 divide 937134?
True
Is 8564091 a multiple of 2201?
True
Is 1